e 0 = 4*o - 3 - 25. Suppose 3*v = -3*g + 33, -v + o - 74 = -5*g. Suppose 0 = 2*i - 2*b - 30, -i - 2*b + b = -g. What is the tens digit of i?
1
Suppose 0 = -11*a + 14*a - 24. Suppose a = 3*y - y. Suppose -y*d - 10 + 66 = 0. What is the tens digit of d?
1
What is the units digit of 42 - 35 - (-650 + 1)?
6
Let z = -31 + 29. What is the units digit of (-6 + (-375)/6)/(z/4)?
7
Let v = 2618 + -1953. What is the units digit of v?
5
Let q be 364 - (-3 - (-3 + 2)). Let z = -578 - q. What is the units digit of (-2)/3 + z/(-48)?
9
What is the tens digit of -4 - (-11*(-339)/(-3) - 0)?
3
Let w be 2 + 6 + 0 + -1. Suppose 20 = -w*n + 11*n. Suppose a - n*a + 48 = 0. What is the units digit of a?
2
Suppose 3 = -3*c - 5*q + 2, -11 = -2*c - q. Let f = 0 - -1. Let k = c - f. What is the units digit of k?
7
What is the units digit of 597/6 - -1*4/8?
0
What is the tens digit of 0/(-1) - (-1086 + 54)?
3
Let a(q) = 654*q**2 - 19*q + 1. What is the hundreds digit of a(-1)?
6
Let f(a) be the first derivative of -a**2/2 - 2*a - 3. Let y be f(-4). Suppose 45 = n - u, y*n - 255 = -3*n - 5*u. What is the units digit of n?
8
Suppose -10*l + 5722 = 1422. What is the tens digit of l?
3
Suppose -30*l + 28*l + 14 = 0. Suppose 936 = l*c - 3*c. What is the hundreds digit of c?
2
Let s be (2*-1)/(7/(-487 - -4)). Let h = -72 + s. What is the tens digit of h?
6
Suppose -5 - 10 = -3*g. Suppose 5*n = -g*c + 3*c + 386, -4*n + c = -301. What is the units digit of n?
6
Let q = 9 + -6. Let r = 284 + -282. Suppose 0 = n - q*v - 12 - 14, -r*n = 5*v - 19. What is the units digit of n?
7
Suppose -2*y - 5214 = -5*w + 207, 0 = -4*w - 5*y + 4317. What is the hundreds digit of w?
0
Let v be (11/33)/(1/18). Suppose -2*p = -v*p - 24. Let g(b) = -b**2 - 8*b - 9. What is the units digit of g(p)?
3
Let s(g) = -2*g**3 - 31*g**2 - 34*g + 9. What is the units digit of s(-16)?
9
Suppose -29 = -5*y - 9. Let c(o) = -4*o - y + o + 8*o**2 - 6*o**2. What is the tens digit of c(-4)?
4
Let j = -7 + 7. Suppose 0*n - 2*n + 40 = j. What is the tens digit of n?
2
Let z(o) = -1. Let w(h) = -5*h**2 - 4*h - 16. Let c(x) = -w(x) + 6*z(x). What is the hundreds digit of c(6)?
2
Let k be 4/2*2/4. Suppose -2*t = -3*s - k, t - 6*t + 13 = 3*s. What is the tens digit of (-86)/(-2 + -1 + s)?
4
Suppose -10311 = -5*k + 2*w - w, 3*k + w - 6185 = 0. What is the hundreds digit of k?
0
Suppose -n - 4*n + 4576 = -2*b, -b = -2. Suppose -5*s = -s - n. What is the units digit of s?
9
Let y = 2791 + -1507. What is the tens digit of y?
8
Suppose -2 = 3*s - 8, 4*s = -n + 305. What is the hundreds digit of n?
2
Suppose 31*f - 20 = 27*f. Suppose f*j - 1198 = -58. What is the hundreds digit of j?
2
Let m = 286 - 42. What is the tens digit of m?
4
What is the tens digit of 1023321/627 - (-2)/(-22)?
3
Suppose -13*u + 10*u + 3402 = -3*l, -2*u = 2*l - 2252. What is the hundreds digit of u?
1
Let r be 81/(-6) - 1*(-3)/2. What is the hundreds digit of 10*r/(-16)*486/15?
2
What is the units digit of 20*((-26)/104 + (-46)/(-2))?
5
Suppose -5*i - 20 = 0, 3180 = 2*j - j + 3*i. What is the tens digit of j?
9
Let w = -548 - -939. What is the tens digit of w?
9
Suppose -3*r + 14*p + 1758 = 17*p, 5*p = -3*r + 1766. What is the tens digit of r?
8
Let v be (-29)/(-6) - 9/(-54). Suppose -4*f - 1 = v*a, 2*a = -4*f + 7*a + 9. Let d = 31 + f. What is the tens digit of d?
3
Let j = 49 + -8. Suppose j = 2*t - 25. What is the units digit of t?
3
What is the units digit of (11/((-33)/(-3690)))/(-2 + 4)?
5
Let q = 8 + 3. Let z = 1 - q. Let y = 23 + z. What is the units digit of y?
3
Let s = -15 - -15. Suppose m - 3*m - 2 = s, -4*u + 50 = -2*m. What is the tens digit of u?
1
Suppose -70 = -5*q + 250. Let w be (2/(-6))/(9/(-162)). What is the tens digit of (q/6)/(4/w)?
1
What is the hundreds digit of (17/((-714)/(-360)))/(4/70)?
1
Let l(p) = 5*p**2 - 1. Let a be l(3). Suppose -3*n + a + 154 = 0. What is the tens digit of (n/(-24))/((-1)/8)?
2
Suppose 13*d - 6*d = -259. What is the units digit of 4/((4/8)/(d/(-2)))?
8
Let s(x) = -9*x**2 + 8*x + 5. Let y be s(-5). Let b = y - -170. What is the units digit of b/(-2)*2/6?
5
Let l(z) = -5*z - 6 + 2 + 0. Let g be ((-6)/(-18))/(1/(-18)). What is the units digit of l(g)?
6
Let q = -12 + -22. Let r(u) = -u - 8. Let p be r(6). Let o = p - q. What is the tens digit of o?
2
Let w(f) = -2*f**2 - 8*f - 5. Let x be w(-5). Let g be (-5)/x + 4/6. Suppose 3*b - 13 = 2*a, -a - b + 7 - g = 0. What is the units digit of a?
1
Suppose -k - 5*r = -35, 34 = 2*k - 3*r + 4*r. Suppose 129 = 3*z + 2*f, 172 = 4*z - k*f + 11*f. What is the units digit of z?
3
Suppose 3*i + 255 = 1533. Suppose -15*w = -9*w - i. What is the tens digit of w?
7
Let o = -103 + 108. Suppose w - 4*r - 123 = 0, -695 = -o*w + 3*r + r. What is the units digit of w?
3
Let k = -3206 + 4540. What is the units digit of k?
4
Suppose 3*j = -0*j + 4*z + 12, -4*j + 16 = -2*z. Suppose 7*l - 2*l = m - 64, -j*l = 3*m - 268. What is the units digit of m?
4
Let u(a) = -68*a**3 + 6*a**2 + 6*a + 6. What is the tens digit of u(-2)?
6
What is the units digit of (148/6)/(-3 + 218/72)?
8
Let t(s) = s**3 - 5*s**2 + 12*s - 2. Let w be (-96)/(-20) + (-1)/(-5). What is the units digit of t(w)?
8
Let v(h) = 3*h**2 + 3*h - 1. Let k be (-8)/(-10)*(9 + -4). Let p be v(k). Let r = -35 + p. What is the tens digit of r?
2
Suppose -2269*a + 1267 = -2268*a. What is the thousands digit of a?
1
Let b(c) be the first derivative of -4*c**3/3 + 2*c**2 + 10*c - 5. Let m(v) be the first derivative of b(v). What is the tens digit of m(-2)?
2
Let h be (3 - -2)/((-10)/(-6)). Suppose 4 = -2*b, h*x + 0*b - 4*b = 800. What is the units digit of x?
4
Let t(i) = -i**3 - 4*i**2 - 3*i - 6. Let r be t(-4). Suppose 4*n + 3*b = 264, -n + 3*b - 327 = -r*n. What is the tens digit of n?
6
Let s(g) = 46*g - 4*g**3 + 4 - 18*g**3 - g**2 - 41*g. What is the hundreds digit of s(-2)?
1
Suppose -2*k = -406 - 1550. What is the hundreds digit of k?
9
Suppose -1 = -r + 113. Suppose 3*j - r = 48. What is the tens digit of j?
5
Suppose 3 = -4*r - 5. Let d be 0 - r*388/8. Suppose -28 = -5*s + d. What is the tens digit of s?
2
Let f = -17 + 17. What is the hundreds digit of (2 + -163)/(-1 - f)?
1
Let c(b) be the second derivative of 37/6*b**4 + 0 + 0*b**3 - 1/2*b**2 + 11*b. What is the units digit of c(1)?
3
Suppose 1270 = 3*h - 2*v - 1204, 3*h - 2468 = -4*v. What is the hundreds digit of h?
8
Suppose -4*r + 3 + 9 = 0. Suppose -r*w - 152 = -5*w - 5*v, -380 = -5*w - v. Suppose -3*h + w = h. What is the tens digit of h?
1
Let z(r) = -170*r - 1. Let c be z(7). Let l be 10/(-25) + c/(-15). Suppose 3*g = -2*s - g + 76, 3*s = g + l. What is the units digit of s?
8
Suppose 354 = 4*b - b. Let f = b + -70. What is the tens digit of f?
4
Let p = 442 - 208. What is the units digit of p?
4
Let l = -1214 + 2592. What is the units digit of l?
8
Let v = -137 + 203. What is the units digit of v?
6
Suppose h - 6 = -i + 29, -30 = -i - 2*h. Suppose -34 = -2*z - i. Let w = 12 + z. What is the units digit of w?
9
Let u = 36 + -34. Suppose 4*n + 3*o = -o + 12, -u*n + 15 = -o. What is the units digit of n?
6
Suppose 5*x = 4*d + 22, -3*x + 2*d = -x - 10. Let o(b) = -7 + x*b + 19 - 9. What is the tens digit of o(8)?
1
Let k = 64 + -39. Suppose -2*s - 3*s = k. What is the units digit of s/(-2 + 4 + -3)?
5
Suppose 3*r = -2*n + 8625, -4300 = -n - 86*r + 82*r. What is the hundreds digit of n?
3
Suppose 0 = -4*p - 4*z - 24, -p - 12 = 4*z - 0*z. Let f be (-6 - p) + (15 - 1). Let h = 16 - f. What is the units digit of h?
4
Let j(y) = 177*y + 99. What is the units digit of j(4)?
7
Let j be -2 - -4*(-3)/(-12). Let g(c) be the first derivative of c**2/2 + 2*c + 1. What is the units digit of g(j)?
1
Let k(y) = y**2 - 6*y + 9. Let f be (-28)/(-12) + 4/6. Suppose 0 = -2*l - 5 + 1, -f*p - 5*l = -8. What is the units digit of k(p)?
9
Let v(t) = 158*t + 158. What is the tens digit of v(9)?
8
Suppose -t = 2 - 16. Suppose 1136 = t*m + 2*m. What is the tens digit of m?
7
Let u(r) = 2*r**3 + 2*r**2 + 4*r - 49. What is the units digit of u(6)?
9
Suppose 2719 = 5*x + 2*j, -3*j = 17*x - 12*x - 2721. What is the tens digit of x?
4
Let p(b) = -b**2 - 17*b - 15. What is the units digit of p(-11)?
1
Let u = 1521 + -743. What is the tens digit of u?
7
Let u(g) = -g**3 + 6*g**2 - 9*g + 4. Let